10)).
8
Evaluate (9 - -1) + (-92 - -88) - 14 - -22.
14
What is the value of -4 + (5 - -2) - (6 - (-12 - -4))?
-11
What is (-18 - -22) + (2 - 5) - 1?
0
Calculate (49 - 65) + 7 + (5 + -2 - 3).
-9
Evaluate (10 - (5 + 2)) + -11 - 6.
-14
Evaluate (-2 - 10) + (-27 - -33 - -31).
25
Calculate -13 - (-4 - -15) - (2 + -1).
-25
Calculate (8 + -14 - -7) + 0 + 1 - -5.
7
What is the value of (-7 - -3) + (4 - 19) + 45 - 10?
16
Calculate -16 + (11 - -18 - -1).
14
Calculate 7 + (2 - 4) - (22 + -9 - 18).
10
-16 - (6 + 13 - 35)
0
What is -6 - (-15 + -3 + 6)?
6
Calculate -4 + -9 + -4 - 5 - 9.
-31
(2 + -2 + 6 - 1) + (1006 - 998)
13
Evaluate 7 + -4 + -5 + (3 - -5).
6
12 + (0 - 2) - (0 - -2)
8
Calculate 3 - (-12 + 8 - -17) - -25.
15
12 - (14 + 5) - (-31 - (-6 + 6))
24
Calculate -44 + (-8 + 17 - 12) + 6 + 2.
-39
31 - (16 - 10) - 17
8
What is 0 + 3 - (236 - 232)?
-1
(0 - (-1 + 1)) + 143 + -125 + 1
19
What is 8 - (35 - 27 - (-1 + 8))?
7
3 + 17 + 2 + -4 + -6
12
Evaluate 1 - ((4 - 4) + -8).
9
What is 7 - (-1 - (34 + -16 + -28))?
-2
What is the value of 17 + 1 - 9 - 13?
-4
Evaluate (-1 - 4) + (-16 - -13 - -9).
1
Calculate 7 - (5 + 7 - 3 - -7).
-9
What is -9 - (8 + -2 + -8 - -8 - 6)?
-9
What is the value of 6 - (8 - (-13 - -12))?
-3
What is the value of 1 - (-26 - 0) - (9 - 8)?
26
6 + 10 + -5 + (-3 - (-4 + 1))
11
-1 - (-5 - 3 - 2 - -7)
2
Calculate -2 + -10 + (1 - 2) - (-29 - -20).
-4
(25 - (42 - 14)) + -21 + 1
-23
What is the value of -11 - (-15 + 2 + 18)?
-16
Evaluate 0 - (0 + 8) - (44 + -53).
1
(10 - 6) + -5 + 0
-1
What is the value of -575 - -570 - ((-6 - 1) + 0) - -8?
10
What is -70 + (55 - 6) + 16?
-5
Calculate (4 - (9 - 6)) + -9 - (11 + -22).
3
0 - -1 - (-8 + (-7 - -10) + 0)
6
What is 18 + -24 + 18 + -34 + 0?
-22
Evaluate (-2 - -2 - 1) + 0 - (-1 + -4).
4
Evaluate -18 + -8 + (-20 - -27).
-19
Evaluate (0 - 1) + (-3 + -3 - -9) + 6.
8
0 - (-3 + 4) - (3 - (-9 + 15))
2
Evaluate (-5 - (0 - -7 - 10)) + (-20 - -6).
-16
Calculate 7 - (-8 - 2) - 14.
3
What is the value of 8 - (2 + -2 + -9 + 16)?
1
Evaluate 5 + -7 - (-5 + (-6 - -4)).
5
Calculate (83 - 74) + (2 - 8).
3
Calculate -13 - (13 - 25 - (-1 + 0 + -5)).
-7
What is the value of 12 - (-11 - (-3 - 5) - -11 - 1)?
5
0 - 17 - 1 - (50 + -56 + 14)
-26
Calculate (2 - -1) + (-2 - (12 + -6) - 0).
-5
Evaluate (12 - 11) + (2 + -2 - (-1 + -2)).
4
What is the value of 26 + -25 + -14 + -2 + 18?
3
Calculate -33 + 0 - (-1655 - -1650).
-28
What is the value of 125 + -127 + -1 + -10?
-13
What is (8 + -21 - -6) + 2 + 5?
0
What is -4 - (0 + 9 - (4 + -4))?
-13
What is -2 + (3 - -5 - 0) + 66 + -63?
9
Evaluate 14 - ((33 - (-1 - -15)) + -22).
17
What is 36 + -42 + 3 + -4 + 43?
36
What is (6 + 11 - 2 - 5) + -4 + -42?
-36
What is (-4 - 1) + -8 + 6 + (-7 - 1)?
-15
What is 16 - (7 + -9 + 3 + 0 - -1)?
14
-5 + (-4 - -4) + 7 + 0
2
What is the value of 332 + -339 + (-4 + 2 - (5 + 0))?
-14
What is -26 + -27 + 22 + 13?
-18
(-19 - (-21 + 9)) + 1 + -5
-11
Evaluate -3 + (4 - (3 - -18)) + 5.
-15
-26 + (10 - (31 + -22) - (3 - 0))
-28
What is 6 + 2 + 3 + -18 + 2 + -30?
-35
What is 1 + 8 - (-11 - 0) - 8?
12
What is the value of -12 + 11 - -4 - -7?
10
What is the value of 2 + -7 + -4 + 2?
-7
Calculate 27 + -51 + 29 - (0 - 6).
11
Evaluate 9 + 1 + -10 + 11 - 6.
5
What is (7 - (-4 + (-7 - -6))) + -1 + -5?
6
What is the value of -28 - -69 - -5 - 43?
3
Evaluate 5 + (-2 - ((0 + 15 - 8) + 12)).
-16
Calculate (14 - 3) + 4 + 7 + (-12 - 1).
9
Calculate 2 - -4 - (2 - (-11 + 15)).
8
Evaluate 10 + -11 + -6 + 0 + 4 + 17.
14
Calculate (66 - 40) + -40 + (0 + -1 - -2).
-13
What is the value of (-272 - -281) + (1 - 19)?
-9
Evaluate 12 + (-1 - -9 - 20).
0
Evaluate 3 + 11 + 37 + -51.
0
(33 + -9 - 31) + (0 - 0)
-7
What is -1 + 9 + (-9 - -13)?
12
Evaluate -21 + (-1 - 2) - -15.
-9
Calculate (-8 - -27) + (-123 - -124).
20
Evaluate 1 + (4 - 7 - 1) + -2 + -2.
-7
Calculate 7 + 28 + -21 + 14.
28
-16 + -11 + 22 - 6
-11
Evaluate 28 + -38 + (-2 - (-5 + -21)).
14
What is -5 - (-16 + 14 + (-7 - 1) + -3)?
8
20 + 11 + -5 + -5 + -5
16
Evaluate (0 - 10 - (-112 + 111)) + -9 - -10.
-8
Calculate 7 - ((1 - 15 - -9) + -13).
25
Evaluate -21 + (-17 + 19 - (0 + -1) - -2).
-16
What is the value of 0 + -14 + (-9 - (4 + -11))?
-16
What is 3 - -4 - (12 + -2 - -4)?
-7
Calculate (112 - 109) + 1 + -3 + 0.
1
Evaluate -7 + (-12 - (12 + -37)).
6
Evaluate 0 + 11 + (24 - (13 + 3)).
19
Evaluate -20 + 25 + -34 - -9.
-20
What is -7 + (49 - 41) - (0 + 0 + -7)?
8
-6 + (3 - -1) + (-12 - -6)
-8
2 + 15 - 51 - -19
-15
1 + (2 - 1) - (-10 + -51 + 41)
22
What is the value of -12 + (1 + (-11 - -6) - -5)?
-11
Calculate (1 - -6) + 1 + 0 - (-2514 + 2544).
-22
Evaluate 11 - (-1 + 8) - 15.
-11
Calculate (31 - 45) + (6 - -2) - (2 + -7).
-1
What is the value of 11 - (-24 + 12 + 47)?
-24
(0 - (-5 + (0 - -5))) + (-30 - -50)
20
Evaluate 4 + (2 + -3 - -16).
19
Calculate (1 - -6) + -3 + 1 - (-2 + -3).
10
Calculate 16 - 26 - ((-9 - -5) + -1 - 0).
-5
What is -5 + -17 + (8 - (8 - 18)) + -9?
-13
What is 14 - (-15 + 4 + 30)?
-5
-542 + 546 - (-1 + 3 - (0 + -13))
-11
Evaluate -11 + -4 + 5 + (-1 - -3).
-8
(-26 - -10 - -15) + 1
0
Evaluate (3 + -7 - -3) + (-4 - -13).
8
What is -2 + -37 + 9 - (-13 + -1)?
-16
What is (-1 + 2 - 6) + -4 + -22 + 20?
-11
What is the value of 12 + (-13 - -4) + -7 + 13?
9
Evaluate 1 + 27 + (-48 - -31).
11
Evaluate -7 + -3 + 2 + (-59 - -67).
0
What is the value of -6 + -1 + 13 + -13 - (-2 - -1)?
-6
27 + (6 - 29 - 23)
-19
(33 - 17) + -7 + 0 + -21 - -4
-8
Calculate -11 - (-6 - (1 + -12 - -4)).
-12
What is -17 + 0 - (-21 - (-15 - 0))?
-11
Evaluate 5 - (12 - 15 - 4 - -18).
-6
-2 - (-18 + 24 + -18)
10
What is the value of (7 - (-12 - -13)) + -6 + 3 + -22?
-19
What is the value of (-2 - (-6 + 10 + 9)) + -5?
-20
What is the value of -36 + 16 + 16 + 4?
0
Calculate 8 + 8 + -17 + 8 + 24.
31
Evaluate 17 - (1 - (21 - 29)).
8
What is -14 + 5 + (-6 + 7 - -27)?
19
What is the value of (-18 - (-4 - 17)) + (8 - -1)?
12
Evaluate 27 + 21 + -45 + -13.
-10
Calculate 11 + (13 - (13 - 9)) + -4.
16
What is the value of (4 - -3) + (6 - (5 + (1 - 6)))?
13
Evaluate -20 + 31 + 31 + -12.
30
What is -15 - (-2 + 0) - (-35 - (-47 - -20))?
-5
Evaluate -14 - 0 - (-1 - 2).
-11
Calculate 23 + -25 + (-19 - -29).
8
What is the value of -26 - (-80 + (16 - -12))?
26
What is the value of 19 + -3 - (109 - 100)?
7
What is 76 - (-8 - -20) - 30?
34
118 + -111 - (-1 + 28 + -1 - 2)
-17
What is the value of (145 - 151) + (-5 - 1) + 1?
-11
Evaluate 4 - (8 + -14) - (-4 - -2).
12
What is -5 - (-9 - (-3 + -1) - -6)?
-6
4 - (-1 - (4 + -1 + -9))
-1
What is (-1 - -1) + 20 - (-2328 + 2337)?
11
Calculate 18 + (-8 - (-9 + 7)).
12
(0 + (2 - -1) - -1) + -8 + 2
-2
Evaluate (26 - (-8 - -30)) + -8 + 0.
-4
What is the value of -2 - (4 - 20) - (-2 + 3)?
13
-1 + 10 + (-20 - -12) + 2 - -7
10
81 - 81 - (5 - 0) - -7
2
Calculate -5 + (1 - (3 - 15) - (1 - -1)).
6
Calculate (19 - 39) + 2 + 25.
7
Calculate (5 - 1) + (-28 - -88) + -51.
13
What is 0 + 12 - 2 - (38 - 35 - 4)?
11
What is the value of 13 + (-2 - 20) + (10 + 0 - -5)?
6
Evaluate 9 + 9 + -1 + -8 - 10.
-1
(-9 + -11 - -7) + 19 - -2
8
Evaluate -28 + 5 - -7 - -8.
-8
Evaluate -3 + 0 + (-3 + -18 - -22).
-2
What is the value of (24 - 1) + 49 + -27 + -23?
22
What is the value of (-22 - (15 + -27)) + 4 + -8 + 29?
15
What is 40 + -51 - (2 - (3 + -1))?
-11
What is the value of 5 - (36 + -19) - (-26 + -1)?
15
Calculate -12 - (-13 + -4 - (-10 - 4)).
-9
Calculate -11 - (5 - (9 + 7)).
0
Calculate (-13 - -4) + (1 - (-6 - -2)).
-4
Evaluate -7 - (-5 - -3) - (-19 - -12).
2
-20 + 16 + 7 - 11
-8
(-10 - -2) + (-257 - -277)
12
Evaluate 35 - 33 - (15 - 1) - 5.
-17
-24 + 11 + 1 + -15 + -6
-33
What is the value of (-5 - -4 - -8) + 0 + 6 + 1?
14
Evaluate 2 + (-3 - ((0 - 0 - -6) + -13)).
6
What is the value of (-2 - 3) + 11 + (-20 - -14)?
0
What is the value of 5 + -40 - -8 - ((-5 - 3) + -1)?
-18
What is the value of 8 - (200 + -206 + (7 - 1))?
8
Evaluate -8 - (1 + -7 + 3 + -4 - -4).
-5
What is the value of -368 + 379 - (11 + 0) - 35?
-35
What is -18 - (-21 + 24) - (-4 - 1)?
-16
What is 0 + 165 + -178 + (-1 + 2 - -1)?
-11
Evaluate (39 - 5) + -54 - (-1 - 7).
-12
What is (-7 - 16) + 18 + 6?
1
-9 - (-17 + 17 + -17)
8
Calculate -7 + 1 - (-12 + -22 + 13 + 20).
-5
What is 0 + 3 + (-10 - (1 + (-12 - -6)))?
-2
What is the value of 16 + (1 - 5) - (2 - (8 + -2))?
16
Evaluate 